+ 22*x**2 - 30*x - 421. What is n(-19)?
1232
Let a(p) = p**3 - 61*p**2 + 932*p - 65. Determine a(30).
-5
Let u(g) = 280*g**2 - 339*g + 1. Give u(1).
-58
Let f(n) = n**3 + 22*n**2 - 3*n + 6. Determine f(-22).
72
Let y(t) = 81*t + 2519. Calculate y(-31).
8
Let v(z) = 4870*z - 4866. What is v(1)?
4
Let l(z) = 1286*z + 14136. Give l(-11).
-10
Let k(m) = 199*m + 7. Determine k(0).
7
Let c(j) = 308*j**3 + 2*j**2 - 5*j + 4. What is c(1)?
309
Let i(s) = s**3 + 15*s**2 + 63*s + 74. Determine i(-11).
-135
Let v(b) = 3*b**2 + 102*b + 431. Determine v(-5).
-4
Let m(a) = -6*a - 75. What is m(-14)?
9
Let n(b) = b**3 - 19*b**2 + 37*b + 29. What is n(16)?
-147
Let g(r) = -7*r**2 - 63*r + 16. What is g(-9)?
16
Let m(s) = -206*s**2 - 1039*s - 53. Give m(-5).
-8
Let d(b) = 19*b + 284. Determine d(-13).
37
Let n(s) = 11*s**3 + 8*s**2 - 4*s - 19. Determine n(-2).
-67
Let a(h) = 38*h - 378. What is a(10)?
2
Let j(l) = 23*l**3 - 19*l**2 + 25*l - 5. What is j(1)?
24
Let h(p) = 537*p + 21477. Calculate h(-40).
-3
Let n(l) = -10*l + 506. What is n(49)?
16
Let s(u) = -40911*u + 3. Determine s(0).
3
Let d(w) = 2*w**2 + 39*w - 1079. Calculate d(-35).
6
Let q(w) = -56*w - 107. Calculate q(-6).
229
Let d(t) = -18*t**3 - t**2. Calculate d(-1).
17
Let a(p) = -3*p + 7. Calculate a(6).
-11
Let w(c) = -7*c - 306. Determine w(-49).
37
Let m(f) = -2*f**2 + 66*f + 284. Determine m(37).
-12
Let t(y) = -5*y - 84. Give t(-21).
21
Let y(s) = -s**3 + 15*s**2 + 15*s - 396. What is y(14)?
10
Let k(m) = -58*m - 381. Determine k(-5).
-91
Let i(k) = -k**3 + 47*k**2 - 97*k + 299. Calculate i(45).
-16
Let m(z) = 4*z**2 - 9*z. What is m(-2)?
34
Let t(p) = -16*p**2 - 9*p + 14. Give t(3).
-157
Let t(d) = -d**3 + 70*d**2 - 210*d + 219. What is t(67)?
-384
Let d(s) = -2*s**3 - 491*s**2 + 759*s + 4445. Determine d(-247).
-1
Let n(u) = -u**2 + 6*u - 56. Calculate n(-5).
-111
Let v(f) = -121*f + 7. Calculate v(-2).
249
Let q(o) = -2*o + 79. Determine q(-2).
83
Let x(w) = -96*w**2 - 4*w + 12. Calculate x(2).
-380
Let v(b) = 7*b**2 - 12*b - 38. Determine v(-4).
122
Let y(p) = -48*p**2 - 339*p - 19. What is y(-7)?
2
Let p(w) = w**2 + 1003*w - 10134. Determine p(10).
-4
Let v(r) = -3*r**3 - 6*r**2 - 5*r + 56. Determine v(6).
-838
Let d(k) = 2*k**2 - 37*k - 178. Calculate d(-4).
2
Let w(q) = -q**2 - 192*q + 9544. Calculate w(41).
-9
Let o(l) = -l**3 + 15*l**2 - 47*l - 22. What is o(5)?
-7
Let v(m) = 112*m + 10746. Give v(-96).
-6
Let o(p) = 198*p - 4694. Determine o(24).
58
Let f(t) = 62*t - 4586. Calculate f(74).
2
Let b(q) = 2*q**2 - 6271*q - 56587. Calculate b(-9).
14
Let q(i) = 10*i + 120. Calculate q(-8).
40
Let q(z) = -176*z - 3156. Determine q(-18).
12
Let n(d) = 33*d + 41. Give n(-4).
-91
Let h(c) = -64*c + 177. Determine h(3).
-15
Let d(p) = p**2 + p - 7. Determine d(7).
49
Let a(t) = t**3 - 26*t**2 + 54*t - 160. Determine a(24).
-16
Let o(b) = -87*b + 389. What is o(12)?
-655
Let b(p) = 1408*p - 8195. What is b(6)?
253
Let o(f) = 63*f - 475. Give o(9).
92
Let q(y) = 30*y - 32. Determine q(-7).
-242
Let p(x) = -2*x**3 - 22*x**2 - 42*x - 466. Give p(-11).
-4
Let r(f) = 4*f**2 + 241*f + 1263. Calculate r(-55).
108
Let k(l) = 211*l - 11385. What is k(54)?
9
Let x(l) = 112*l - 548. Calculate x(7).
236
Let n(j) = -j**2 - 39*j - 383. Give n(-24).
-23
Let o(t) = t**2 + 85*t - 981. Calculate o(10).
-31
Let n(i) = -i**3 - 25*i**2 + 202*i + 442. Calculate n(-31).
-54
Let j(n) = 42*n - 252. What is j(8)?
84
Let l(u) = -13*u + 234. Calculate l(11).
91
Let s(i) = i**2 + 269*i + 1065. Give s(-4).
5
Let s(c) = -151*c - 47. Calculate s(-3).
406
Let d(l) = 217*l + 1716. What is d(-8)?
-20
Let v(s) = -s**2 - 26*s - 361. Give v(-13).
-192
Let d(i) = 22*i**2 - 23*i + 67. Give d(3).
196
Let c(o) = 58*o**2 - 68*o + 69. Calculate c(1).
59
Let k(u) = -16*u - 2211. What is k(-136)?
-35
Let n(q) = -q**3 - 39*q**2 - 44*q - 63. Calculate n(-38).
165
Let n(d) = d**3 - 54*d**2 + 112*d - 413. Give n(52).
3
Let o(t) = t**3 + 14*t**2 - 48*t - 265. What is o(-16)?
-9
Let i(f) = 1740*f + 8694. What is i(-5)?
-6
Let k(f) = -28*f**2 + 477*f - 18. Determine k(17).
-1
Let c(p) = -14*p + 418. What is c(15)?
208
Let p(o) = 348*o + 1007. Determine p(-3).
-37
Let s(x) = -6*x**2 - 32*x + 13. Determine s(-4).
45
Let k(w) = -w**2 + 8*w + 10. Give k(21).
-263
Let w(b) = b**3 - 28*b**2 + 185*b - 43. What is w(10)?
7
Let c(a) = 4*a**2 + 244*a + 236. What is c(-60)?
-4
Let x(a) = 2*a**3 - 108*a**2 + 7*a - 224. Determine x(54).
154
Let x(k) = -k**3 - 48*k**2 - 523*k + 380. Give x(-18).
74
Let l(g) = -g**3 + 28*g**2 - 28*g + 78. Determine l(27).
51
Let a(z) = 892*z - 13359. Calculate a(15).
21
Let z(x) = -2*x**2 + 13*x - 10. What is z(6)?
-4
Let q(x) = 2*x**3 + 18*x**2 - 22*x + 14. Calculate q(-10).
34
Let s(u) = -3*u**3 - 41*u + 86. Give s(2).
-20
Let u(i) = 3*i - 145. Determine u(-46).
-283
Let k(l) = 4*l**3 + 16*l**2 - 323*l - 1299. Give k(-4).
-7
Let k(d) = 9*d**2 + 484*d + 374. What is k(-53)?
3
Let t(y) = -y**3 + 40*y**2 + 38*y - 97. Calculate t(41).
-220
Let l(x) = 74*x**3 - 76*x - 77. What is l(-1)?
-75
Let t(d) = -d**3 + 6*d**2 + 17*d - 74. What is t(6)?
28
Let z(n) = -n**2 + 39*n + 338. Give z(46).
16
Let x(t) = -1243*t + 34804. Calculate x(28).
0
Let t(w) = 9*w + 72. What is t(8)?
144
Let m(d) = -62*d - 536. Calculate m(-9).
22
Let v(t) = -t**2 - 31*t - 95. What is v(-35)?
-235
Let w(d) = -8*d**2 + 212*d + 65. Calculate w(27).
-43
Let b(t) = 2*t**2 + 108*t + 440. Give b(-4).
40
Let s(h) = 3*h**3 - 18*h**2 + 8*h - 31. Determine s(6).
17
Let q(m) = 2*m**3 + 67*m**2 + 225*m + 478. Calculate q(-30).
28
Let z(u) = u**2 - 1701*u - 3407. Calculate z(-2).
-1
Let u(b) = b**3 + 74*b**2 - 117*b + 2651. Determine u(-76).
-9
Let d(x) = 2*x**2 - 7*x - 58. What is d(11)?
107
Let w(d) = 2*d**2 - 246*d + 5317. Give w(28).
-3
Let p(y) = 2*y**2 + 41*y + 235. Calculate p(-7).
46
Let h(o) = 2*o**2 + 18*o - 27. Give h(-13).
77
Let z(g) = -g**3 - 21*g**2 - 26*g - 350. What is z(-21)?
196
Let g(p) = p**3 + 10*p**2 - 79*p - 618. Calculate g(-12).
42
Let f(h) = h**3 + 15*h**2 - 86*h - 1295. Determine f(-15).
-5
Let i(f) = -27*f - 30. Give i(8).
-246
Let w(g) = -g**3 + 88*g**2 + 179*g + 95. What is w(90)?
5
Let l(y) = -863*y + 2572. Calculate l(3).
-17
Let g(z) = 49154*z + 344068. Determine g(-7).
-10
Let p(n) = 3*n**3 - 194*n**2 - 59*n - 384. Determine p(65).
6
Let p(y) = -87*y + 3825. Give p(44).
-3
Let g(o) = 277*o**2 + 17*o + 17. Determine g(-1).
277
Let o(n) = -83*n**3 - 2*n**2 + 2*n + 3. Give o(-1).
82
Let f(t) = 4*t**2 + 28*t - 169. What is f(-11)?
7
Let d(i) = 16*i + 823. What is d(-39)?
199
Let n(q) = q**2 + 590*q + 18908. What is n(-34)?
4
Let q(n) = -6*n**2 - 1104*n - 2181. Calculate q(-2).
3
Let h(o) = -o**3 + 31*o**2 + 20*o + 123. What is h(32)?
-261
Let c(d) = -168*d + 1339. Give c(8).
-5
Let s(k) = 29*k**2 + 811*k - 20. Calculate s(-28).
8
Let t(r) = 5*r**3 - 20*r**2 - 240*r + 954. What is t(4)?
-6
Let s(p) = p**3 - 43*p**2 - 135*p - 147. What is s(46)?
-9
Let a(u) = 64*u**2 - 201*u + 23. Calculate a(3).
-4
Let w(m) = -2*m**2 - 42*m + 9. What is w(-20)?
49
Let c(z) = -z**2 + 54*z - 541. Calculate c(13).
-8
Let k(n) = 39*n + 1519. Give k(-52).
-509
Let a(y) = -y**3 + 63*y**2 + 118*y + 780. Give a(65).
0
Let c(a) = -202*a**3 + 4*a**2 + a - 3. Calculate c(1).
-200
Let b(f) = -12*f - 405. Calculate b(-30).
-45
Let l(u) = -282*u + 737. Calculate l(5).
-673
Let x(u) = -u**3 + 33*u**2 + 189*u + 14. Calculate x(38).
-24
Let w(l) = -l**2 + 69*l - 643. Give w(11).
-5
Let w(a) = -7*a**3 + 14*a + 23. Determine w(-2).
51
Let u(b) = b**2 + 87*b - 155. Give u(-90).
115
Let j(s) = -4981*s - 109574. Calculate j(-22).
8
Let l(z) = -z**2 - 36*z - 81. Determine l(-18).
243
Let z(i) = 3*i**3 - 32*i**2 - 17*i + 81. Give z(11).
15
Let t(u) = -2*u**3 + 4*u**2 + 18*u + 11. What is t(-4)?
131
Let u(r) = -7024*r - 35123. Give u(-5).
-3
Let m(d) = -22*d**2 + 14*d - 38. Calculate m(3).
-194
Let l(v) = -v**2 + 21*v - 97. Give l(6).
-7
Let c(j) = -2*j**3 - 12*j**2 + 172*j + 736. What is c(-4)?
-16
Let g(q) = 9*q**2 - 129*q + 6. Determine g(14).
-36
Let t(y) = 13*y**2 + 277*y + 549. Calculate t(-2).
47
Let h(b) = 35*b + 150. What is h(0)?
150
Let q(a) = -a**3 + 8*a**2 + 10*a - 35. Give q(8).
45
Let c(r) = -r**3 - 2*r**2 + 26*r + 70. Calculate c(-4).
-2
Let x(w) = -2989*w + 20